5 + (7 - 0)).
5
Evaluate -4 - (-4 + (-3 - -5) + -4).
2
Calculate 3 + 4 - 3 - 0.
4
What is the value of (10 - 6) + -3 - (2 - 7)?
6
11 - 12 - (3 + 0)
-4
Calculate 0 + (-3 - ((3 - -1) + -8)).
1
What is the value of -4 + (1 - -1) + 5 + -2?
1
Calculate (14 - 9) + (4 - 19).
-10
(29 - 24) + (0 - -2)
7
What is the value of -4 + 5 + -4 - -8 - 1?
4
Calculate -4 + -3 + (-1 + 0 - -4).
-4
Calculate -16 + 13 - (1 - -1) - -10.
5
-4 + 2 + -1 - -7
4
Evaluate -6 - (6 - (14 - 6)).
-4
Evaluate -1 - (-2 + (-1 - 1)).
3
0 + -2 + 1 + 0
-1
What is the value of -2 + 6 - (-2 - (0 - 6))?
0
What is the value of (-4 - -1 - -9) + -6?
0
What is the value of -14 + -10 + 14 + 12?
2
What is -2 - (-2 + -2 + 0)?
2
What is 2 - -4 - (2 - -2) - 3?
-1
Calculate 4 + 0 - (3 - -3 - 5).
3
Evaluate -3 - ((0 - 3) + 4).
-4
What is -20 + 25 - (6 - 1)?
0
Calculate -10 + 9 - -8 - 6.
1
1 + -9 - (1 - (-1 + 6))
-4
Evaluate 5 - 12 - -4 - -8 - 10.
-5
1 + -3 - ((-3 - -8) + -5)
-2
-38 + 33 + (-2 - -2 - -8)
3
What is the value of (-5 - (-2 - 1)) + (-1 - -2)?
-1
Calculate -1 + 14 + -10 + 4.
7
What is -6 + 1 - 2 - (-3 - 7)?
3
Evaluate 13 + -14 - (4 - 1).
-4
Evaluate 0 + 2 - -1 - 1.
2
Calculate 4 + (6 - 10) + 0 + 6.
6
1 - -5 - (-10 + 3 + 8)
5
-3 - (0 - 6) - 7
-4
What is the value of 1 + (3 + -3 - 3)?
-2
-4 + (3 - 1) - (12 + -16)
2
36 - 34 - (1 - 1)
2
Calculate 1 - ((-2 - 1) + 0).
4
Evaluate -5 - (3 + -2 + 0 + 0).
-6
What is 6 - (1 + (-3 + 0 - -4))?
4
(-16 - -6 - -4) + -1
-7
Evaluate (0 - 5) + 2 + (19 - 21).
-5
Calculate (90 - 96) + 1 + 9.
4
What is the value of (-13 + 10 - 0) + 4?
1
(12 - 8) + -9 + 18 + -5
8
Calculate -2 - 6 - (10 + -14).
-4
What is (15 - 17 - (1 - 8)) + -4?
1
Calculate 6 - (5 - (0 + 4)).
5
0 + (4 - 3) + -4 - 2
-5
What is the value of (2 - 0) + (3 - 0)?
5
(-2 - -11) + 4 - 10
3
What is -3 + 1 - (57 + -58)?
-1
What is 16 - 17 - (-4 + 2)?
1
What is the value of -2 + -1 + (5 - (-2 + 1))?
3
What is -10 + (-4 - -4) + (-8 - -10)?
-8
3 + (-3 - (2 + -4 - 1))
3
Evaluate (-4 - -5) + -3 + -2 + 5.
1
Evaluate (1 - 1) + (4 - (7 + -3)).
0
Calculate 13 - 6 - (-4 + 9).
2
What is -1 - (6 + (-8 + 5 - -1))?
-5
Calculate (-4 - (0 - 5)) + 0 + 0.
1
What is 2 + -3 + (-2 - 5) - -1?
-7
Evaluate 0 + 0 + -3 + -4 - -2.
-5
Calculate -2 + (-6 - (-2 + -19 + 5)).
8
What is the value of 0 - (3 - 0) - (-1 - 0)?
-2
Evaluate (0 - (1 - 6)) + 1 + -1.
5
Evaluate -5 + (2 - -2) - -6.
5
What is the value of -7 + 2 + 2 - (-1 - 1)?
-1
What is the value of -11 + -3 + 7 + 14?
7
What is the value of -185 + 180 + (-3 - 1)?
-9
Calculate 3 - 3 - (6 - 5).
-1
4 + 5 + (-4 - 1 - 2)
2
Evaluate -1 - (-3 + (0 - 2)).
4
What is -7 + -3 + 12 + -7?
-5
Evaluate -2 - ((3 + -11 - -6) + 5).
-5
Calculate -1 - (3 + (4 - 2) - 3).
-3
-4 + 9 + (-6 - -1) - -4
4
Calculate -13 + (10 - 5) - (-1 + -4).
-3
-2 - (0 + 0 + 8 + -16)
6
-6 - (3 - 9) - -2
2
Calculate 11 - (11 + -11) - 13.
-2
What is -4 + -2 + -7 + 19?
6
Calculate 4 + (-4 - (-8 + 6)).
2
(0 - -3) + 0 + -2
1
What is the value of -8 + 12 + 2 - (3 + -2)?
5
What is (-3 - (3 + -11)) + -10 + 3?
-2
What is (5 - 1) + -6 + -1 + 6?
3
What is the value of 4 + -6 + 2 - -4?
4
What is the value of 11 + 1 + -2 - (2 - -2)?
6
Calculate (27 - 10) + -5 - 17.
-5
Evaluate -152 + 141 + -1 + 3.
-9
Calculate 12 - (3 - 11 - -9).
11
What is 0 - (4 + -3 + 3)?
-4
What is -1 + (0 - 1) + 2 + 1?
1
3 + 1 + (7 + -13 - -3)
1
What is -2 + (-2 - (0 + -6))?
2
Calculate -5 - (8 - 3 - 8).
-2
Evaluate -3 - (-6 + -6 + 9).
0
What is the value of (2 - 3) + -6 + -35 + 37?
-5
What is (-4 - (-1 - -1)) + -7 + 11?
0
(4 - 1) + (-19 - -21)
5
Calculate 3 + (1 - 2) + 2.
4
0 - (5 + -9 - (-4 + 1))
1
What is (-5 - -8) + 4 + -5?
2
3 - (-2 - 1 - 1 - -2)
5
2 - 0 - (-5 - (-4 + -6))
-3
What is the value of 2 + -14 - (24 - 34)?
-2
What is the value of (-10 - -3) + 4 - -6?
3
What is the value of -3 - (-5 + 7 + -5)?
0
What is (-7 - (-8 + -2)) + 1 + 0?
4
17 + -11 + (-1 - 1) - -1
5
Evaluate (-80 - -65) + (1 - -6) + 0.
-8
Evaluate -2 - (6 + (-5 - -1) - 3).
-1
Calculate (2 - 5) + 0 + (1 - 0).
-2
Calculate -2 + 4 + 13 + -6 + -3.
6
What is the value of -1 + (2 - 1) - (-4 + 2)?
2
-1 - (3 - -1 - 1)
-4
-2 + -1 - ((-1 - 7) + 2)
3
Calculate -8 - (0 - (7 - (0 - -3))).
-4
Evaluate -1 + 5 + 4 + -8.
0
Evaluate (4 - (-4 + 7)) + 3.
4
What is -1 + 3 - (2 - 2 - 2)?
4
What is (4 + -4 + -5 - -12) + -4?
3
What is the value of 4 - (19 - 6 - 4)?
-5
What is 8 - 5 - (1 - 0)?
2
What is -7 - -2 - (12 + -9)?
-8
What is 4 + (6 - 6) - 2?
2
Evaluate 0 + 6 - (-238 + 235).
9
What is 1 - 8 - -11 - (2 + -1)?
3
What is -11 + -8 + 28 + -2?
7
What is the value of -1 - (2 - 6 - (-2 + -2))?
-1
What is -22 - -20 - (-1 - 0)?
-1
Calculate 5 - -6 - 7 - 6.
-2
What is the value of (-5 - (2 - 3)) + 6 + 1?
3
What is -29 + 28 - (1 - -1)?
-3
What is 1 + -1 + 10 + 3 + -17?
-4
What is (-2 - -7 - 8) + 4?
1
What is -57 - -75 - (9 - -2)?
7
Evaluate 0 + 3 - (0 - 0) - 0.
3
Calculate 5 - 2 - 2 - (-5 - -4).
2
Calculate -12 - -6 - (-3 + 1).
-4
-14 + 4 + (9 - 2)
-3
What is the value of -7 + (-41 - -41) + (0 - 0)?
-7
7 + -8 - (1 + -1) - -3
2
Evaluate 5 + (-3 - 2 - -1).
1
What is 3 - 7 - (1 + -7)?
2
Evaluate -9 + -8 + 8 - -1.
-8
What is (2 - 2) + 0 - 0?
0
-3 - (4 - (-2 + (8 - 3)))
-4
What is the value of (6 - 4) + (3 - 9)?
-4
Evaluate (6 - 6) + 2 + 2.
4
What is -8 + 2 - (-16 - -5)?
5
What is the value of -28 + 23 + 1 + 6 - -2?
4
Evaluate -5 + -1 - (-18 + 18).
-6
Evaluate -4 - (2 - (-3 + 4 + 2)).
-3
What is the value of 3 + (-4 - -3) - (-1 - 0)?
3
Evaluate (-4 - (8 - 15)) + (-2 - -1).
2
What is (-3 + 10 - 10) + -2?
-5
7 - 4 - 0 - 3
0
Evaluate -1 + -3 - (-2 - 0).
-2
What is the value of 8 - (8 + (4 - 2))?
-2
Evaluate 0 + 1 - (-13 + 14).
0
What is the value of 16 - (6 + -9 - -13)?
6
Evaluate 1 + 8 - (102 + -88).
-5
Evaluate 1 + -3 - (-10 + 4).
4
Calculate -6 + (-16 - -12 - (-10 + -4)).
4
(-9 - -12) + 0 + -6
-3
Evaluate (-8 - -11) + (-4 - 0).
-1
What is the value of (0 + (0 - -5) - 4) + 5?
6
Calculate 6 + (5 - (-1 + 8)) - -3.
7
Evaluate (-4 - (-1 - 0)) + 75 + -69.
3
Evaluate -1 + -5 + (-13 - -8) + 15.
4
Evaluate (-9 + 3 - -9) + (-8 - 0).
-5
What is the value of 9 - 5 - -6 - (4 - -1)?
5
-2 - (22 + (-8 - 6))
-10
Calculate 8 + (-15 - -7) + 1.
1
What is the value of (-2 + 1 - 6) + 8?
1
-1 + -2 + (-24 - -22)
-5
Calculate 0 - (4 + -5 + -1).
2
Evaluate -3 + 2 - -3 - (-2 - 4).
8
What is 1 - 4 - (1 - 0 - 0)?
-4
Evaluate 1 - 5 - (-4 - (-2 + -7)).
-9
What is -3 - -2 - -4 - (0 + 7)?
-4
Evaluate (-16 - -10) + -2 + 4.
-4
What is 9 + -14 + 2 + 9?
6
Evaluate 8 - (-5 - 0 - -10).
3
Calculate 33 + -35 + (0 - -5) + -3.
0
What is 0 + -2 + (-8 - (-10 - -3))?
-3
Calculate 11 + -3 - (1 - -2).
5
What is the value of -3 - (-2 + 5 + (-15 - -12))?
-3
-11 + (-2 - (-6 + -2))
-5
What is the value of 13 + -4 - (3 + -3 + 4)?
5
What is the value of 5 - (6 - 2) - 5?
-4
Calculate 13 + -12 + 8 - -1.
10
Evaluate -2 + (3 - 2 - 1 - -2).
0
Evaluate (-12 - (-2 + -4)) + 11.
5
Calculate -4 + (6 - (2 + 1)).
-1
1 + (-6 - 8) - (-7 - -1)
-7
2 + (1 + 1 - (9 + -3))
-2
-2 + (3 - (-3 - -4))
0
What is the value of (-6 + 4 - -7) + -2 + 1?
4
What is -11 + 0 + 6 + 11?
6
-2 + 2 + -6 + (13 - 6)
1
Evaluate -5 + (2 - (-9 + 3)) + -4.
-1
-5 + 0 + -1 + (8 - 2)
0
Evaluate -1 + 3 - -1 - 0 - 4.
-1
Evaluate -3 + (3 - 4 - -3) + -4.
-5
Evaluate -6 + (-2 - -9) + -2 + 2.
1
Evaluate (9 - (-1 - 0)) + (15 - 19).
6
(-4 + 2 - -4) + -2 + -2
-2
What is the value of (1 - -9) + -16 + (29 - 16)?
7
What is -13 - (4 + -25) - 9?
-1
-46 + 50 - (3 + 0 + 2)
-1
Calculate (5 - 6 - (0 + 0)) + -3.
-4
-1 + 1 + (-5 - -5)
0
Evaluate -10 + (4 + -4 - -6 - 1).
-5
What is the value of (-4 - -3) + (5 - -1)?
5
Calculate -1 + (1 - 5) + 6.
1
-52 - -46 - (-12 - 0)
6
What is (-3 - (-1 - 5)) + -3?
0
What is the value of 2 + (6 - (-8 + 9))?
7
What is -6 + 2 + -1 - (-2 - 0)?
-3
Evaluate -13 + 20 + (-4 - -6).
9
What is the value of 1 - ((0 - 1 - 2) + -1)?
5
What is the value of 1 - (-2 - -2) - -3?
4
What is the value of (2 - (-5 + 10 + -2)) + 5?
4
Calculate 4 + 2 + -6 - -3 - -2.
5
12 - (31 - (-8 + 19))
-8
Calculate 3 + (6 - 2) + -4.
3
What is the value of 0 - (-2 + -7 + 12) - 6?
-9
What is 1 - 0 - (-4 + 3)?
2
23 - 13 - (0 + 17)
-7
Calculate 3 + (0 - 4) + 4.
3
Calculate (3 + 10 - 0) + 7 + -14.
6
(1 - 2) + (-4 + 3 - -5)
3
Evaluate -2 - -2 - (-1 - 1 - 1).
3
What is the value of -19 - (-2 + -2 - 6)?
-9
-4 + 4 - 0 - -6
6
Evaluate -9 + (0 - 